) = -3*s**3 - 5*s**2 + s + 9. Determine h(-3).
42
Let f(x) = x - 2. Calculate f(-2).
-4
Let d(m) = -2*m**2 - 33*m + 24. Give d(-17).
7
Let p(w) = w**3 + 9*w**2 + 2*w + 8. What is p(-7)?
92
Let t(i) = -7*i**2 - 8*i + 16. Calculate t(-2).
4
Let j(g) = 2*g**3 + 11*g**2 + 7*g - 8. Determine j(-4).
12
Let a(k) = -16*k - 63. Determine a(-3).
-15
Let n(y) = y**2 - 2*y - 36. What is n(7)?
-1
Let i(m) = -m**2 + 17*m - 13. Determine i(15).
17
Let l(c) = -c**2 - 22*c - 23. What is l(-20)?
17
Let x(m) = -5*m + 6. Calculate x(0).
6
Let k(h) = 7*h + 154. Give k(-23).
-7
Let o(i) = -2*i**2 + 3*i + 9. Determine o(3).
0
Let r(d) = -32*d + 122. Calculate r(4).
-6
Let p(s) = -s**2 + 7*s - 14. Calculate p(3).
-2
Let g(u) = u**3 + 9*u**2 + 4*u - 7. What is g(-3)?
35
Let l(m) = -m**2 - 17*m + 10. Calculate l(-9).
82
Let u(s) = -56*s + 106. Give u(2).
-6
Let a(q) = q**2 - 18*q + 79. Give a(11).
2
Let p(k) = 5*k**3 + 3*k**2 + 14*k + 12. What is p(-1)?
-4
Let z(b) = -3*b - 28. Give z(-12).
8
Let j(i) = -4*i + 48. What is j(15)?
-12
Let y(n) = n**2 + 4*n + 11. Give y(-8).
43
Let f(y) = 40*y**2 + 6*y - 5. What is f(1)?
41
Let b(l) = -4*l**2 + 8*l - 5. What is b(2)?
-5
Let s(z) = -z**3 - 5*z**2 + 3*z - 2. Determine s(-6).
16
Let m(a) = 5*a + 8. Determine m(7).
43
Let f(x) = -x**2 + 2*x - 2. What is f(-4)?
-26
Let g(p) = p - 1. Calculate g(-9).
-10
Let m(g) = 5*g - 12. What is m(5)?
13
Let f(u) = 6*u**3 - 16*u**2 - 5*u + 11. Determine f(3).
14
Let l(o) = -o**2 + 15*o - 24. Give l(11).
20
Let u(k) = k**2 + 10*k + 3. Give u(-8).
-13
Let p(l) = 12*l - 4. Determine p(4).
44
Let m(c) = -c**2 - 25*c - 27. What is m(-23)?
19
Let c(n) = -n**3 + 17*n**2 + 18*n - 20. What is c(18)?
-20
Let g(n) = -3*n + 16. Give g(9).
-11
Let h(p) = -7*p + 122. What is h(17)?
3
Let d(p) = p**3 + 6*p**2 + 4*p + 3. What is d(-5)?
8
Let x(b) = -b**3 - 2*b**2 + 8*b + 6. Give x(-3).
-9
Let l(h) = -h**2 + h + 3. Give l(3).
-3
Let q(c) = 14*c**2 + 3*c + 1. Determine q(-1).
12
Let j(t) = 2*t**2 - 15*t - 127. Determine j(-5).
-2
Let z(g) = -g**3 - 5*g**2 - 3*g + 3. Calculate z(-3).
-6
Let v(k) = -12*k - 54. Determine v(-9).
54
Let c(v) = -2*v + 98. Give c(23).
52
Let i(x) = x**2 - 10*x - 33. What is i(-3)?
6
Let b(u) = 16*u + 84. Give b(-7).
-28
Let s(u) = -u**3 + 3*u**2 + 3. Give s(3).
3
Let h(q) = -q**3 + 15*q**2 + 15*q + 10. Give h(16).
-6
Let j(s) = -11*s - 131. What is j(-11)?
-10
Let w(n) = -n**3 - 3*n**2 + 5*n - 5. Determine w(2).
-15
Let i(b) = b**2 - 9*b - 12. Determine i(6).
-30
Let k(l) = 7*l + 3. Determine k(9).
66
Let w(s) = -s**3 - 2*s**2 - 3*s - 15. Calculate w(-3).
3
Let q(d) = d**3 - 5*d**2 + 4*d - 5. What is q(3)?
-11
Let k(h) = -h**2 + 23*h + 78. What is k(-3)?
0
Let o(h) = -h**3 + 15*h**2 + 18*h - 38. Give o(16).
-6
Let j(n) = n**3 - 9*n**2 + 4*n + 27. Give j(8).
-5
Let g(i) = 2*i + 1. What is g(-3)?
-5
Let d(m) = m**3 - 6*m**2 - 5. Calculate d(5).
-30
Let o(g) = -4*g**3 + 2*g**2 - 2*g - 2. Determine o(-1).
6
Let x(p) = -p**2 - 16*p - 54. Determine x(-12).
-6
Let a(u) = -u**3 - 3*u**2 - u. Give a(-2).
-2
Let v(n) = -20*n. Give v(1).
-20
Let c(s) = -s**3 + 10*s**2 - 3. Calculate c(10).
-3
Let m(n) = 29*n + 343. Determine m(-12).
-5
Let d(p) = -3*p - 36. Give d(-11).
-3
Let p(o) = -16*o - 121. Determine p(-7).
-9
Let j(l) = 2*l**2 + 2*l. Calculate j(0).
0
Let m(k) = k**2 - 13*k + 2. Give m(12).
-10
Let h(v) = 2*v**2 + 2*v + 13. Give h(-3).
25
Let o(p) = -p**3 - 4*p**2 + 2*p - 2. What is o(-4)?
-10
Let r(s) = 5*s - 7. Calculate r(7).
28
Let c(w) = 20*w**2 - 3*w + 2. Determine c(1).
19
Let c(a) = a**3 + 9*a**2 - 8*a + 17. Give c(-10).
-3
Let s(c) = -2*c**3 + 3*c**2 + 3*c - 2. Give s(3).
-20
Let f(q) = q**3 - 9*q**2 + 8*q - 3. What is f(9)?
69
Let u(s) = s**3 - 5*s**2 + 5*s + 3. What is u(4)?
7
Let h(a) = 4*a**3 + 2*a**2 - 5*a + 5. Calculate h(2).
35
Let i(t) = t**2 - 18. Give i(0).
-18
Let x(m) = -8*m - 68. What is x(-8)?
-4
Let z(a) = 6*a**2 + 59*a + 5. Calculate z(-7).
-114
Let n(v) = -2*v**3 + 2*v**2 - 3*v + 2. Determine n(2).
-12
Let d(y) = -3*y**2 + 16*y - 7. Give d(7).
-42
Let j(c) = -c**3 + 10*c**2 - 14*c + 19. What is j(9)?
-26
Let a(s) = 4*s - 9. Give a(-7).
-37
Let i(d) = -d**3 - 10*d**2 - 3*d - 13. What is i(-10)?
17
Let q(o) = -o**2 - 13*o - 8. What is q(-13)?
-8
Let n(b) = 3*b**2 + 27*b - 60. Determine n(2).
6
Let p(q) = q**3 + 4*q**2 + 6*q + 1. Give p(-3).
-8
Let g(a) = -14*a - 5. Give g(-3).
37
Let w(t) = -t**2 + 14*t + 15. Determine w(15).
0
Let d(r) = -22*r**2 + 5*r - 9. Determine d(2).
-87
Let p(v) = -v**2 - 45*v - 6. Calculate p(0).
-6
Let o(u) = -4*u**3 - 2*u**2 + 3*u - 1. What is o(1)?
-4
Let c(f) = 4*f**2 - 48*f + 138. Give c(4).
10
Let w(t) = -t**3 - 3*t**2 + 6*t + 7. Determine w(-3).
-11
Let o(j) = 2*j**2 - 37*j - 96. Calculate o(21).
9
Let w(k) = 30*k**3 + k**2 - 1. Determine w(1).
30
Let d(n) = -8*n + 62. Give d(-6).
110
Let w(b) = b**2 - 5*b - 15. What is w(7)?
-1
Let q(a) = 3*a - 34. Determine q(12).
2
Let y(k) = k**3 - 11*k**2 - 16*k + 16. What is y(12)?
-32
Let c(n) = -5*n**2 - 2*n + 14. What is c(2)?
-10
Let l(g) = -g**2 - 12*g - 11. Determine l(-10).
9
Let r(n) = 7*n**2 - 19*n + 4. Determine r(2).
-6
Let w(u) = 2*u**2 - 34*u - 6. Calculate w(17).
-6
Let n(f) = f**3 + 5*f**2 - 3*f - 3. Determine n(-4).
25
Let j(o) = -o**2 + 10*o + 261. Determine j(22).
-3
Let n(h) = -h**3 + 8*h**2 - 5*h - 7. What is n(7)?
7
Let x(b) = -b**3 + 20*b**2 + b - 24. Determine x(20).
-4
Let z(o) = 4*o**2 + 6*o - 11. What is z(2)?
17
Let r(u) = 29*u + 81. Determine r(-3).
-6
Let o(n) = 2*n**3 - 19*n**2 + 7*n + 12. Determine o(9).
-6
Let q(y) = -y**3 + 6*y**2 + 6*y - 6. Calculate q(5).
49
Let i(p) = -p**3 - 24*p**2 + 23*p - 38. Determine i(-25).
12
Let v(i) = -i**3 + 12*i**2 - 4*i - 12. Determine v(12).
-60
Let f(i) = -i**3 + 2*i**2 + 4*i + 4. Give f(3).
7
Let x(y) = y**2 + 2*y - 1. Determine x(0).
-1
Let c(v) = -3*v + 3. Determine c(2).
-3
Let k(r) = -3*r**2 - 6*r - 8. Give k(-2).
-8
Let c(g) = 27*g - 357. Determine c(13).
-6
Let v(b) = b**2 - 12*b + 7. Calculate v(11).
-4
Let o(k) = 107*k + 5. Give o(-1).
-102
Let x(w) = w**2 - 14*w - 11. Determine x(14).
-11
Let o(w) = -w**3 + 2*w**2 + 2*w. Determine o(2).
4
Let f(q) = 3*q**3 + 4*q**2 + 2. Calculate f(-3).
-43
Let m(s) = -5*s**2 - 3*s + 2. Give m(0).
2
Let p(m) = -5*m**2 - 91*m + 6. Give p(-18).
24
Let f(s) = -s**2 - 18*s + 7. Give f(-20).
-33
Let b(y) = y**3 - 6*y**2 - 4*y - 3. What is b(7)?
18
Let q(t) = -3*t**2 - t + 4. Determine q(-2).
-6
Let k(b) = -9*b + 81. Calculate k(9).
0
Let j(a) = 3*a**3 - a**2 - 2*a. Determine j(-2).
-24
Let o(g) = 6*g - 1. Calculate o(1).
5
Let q(s) = -28*s + 3. Give q(-4).
115
Let z(v) = -v**3 - 6*v**2 + 9*v + 7. What is z(-7)?
-7
Let s(k) = k**3 - 9*k**2 + 17*k + 4. Give s(6).
-2
Let a(j) = -14*j**2 + 2. Determine a(1).
-12
Let d(z) = -z**3 + 5*z**2 - 11*z + 53. Calculate d(5).
-2
Let g(b) = 2*b**2 - 9*b - 32. Give g(9).
49
Let r(d) = -d**3 - 10*d**2 + 16*d + 7. Give r(-11).
-48
Let o(j) = 12*j**3 - 2*j**2 - 2*j. Calculate o(-2).
-100
Let g(o) = 2*o + 12. Determine g(5).
22
Let n(u) = 4*u + 25. Give n(-11).
-19
Let u(g) = g**2 - 25*g + 60. Calculate u(22).
-6
Let b(f) = f**2 + 4*f - 3. Give b(-5).
2
Let s(o) = o + 5. What is s(-1)?
4
Let f(h) = h**3 + 3*h**2 - 10*h + 2. Give f(-5).
2
Let l(y) = y - 4. Calculate l(2).
-2
Let y(f) = -f**2 + 19*f + 18. Determine y(20).
-2
Let v(g) = g**3 + 12*g**2 - g + 27. Give v(-12).
39
Let a(z) = -z**3 + 11*z**2 - 9*z - 14. Give a(10).
-4
Let u(p) = -6*p**3 + 2*p + 2. What is u(-2)?
46
Let t(i) = i**3 - 7*i**2 + 5*i + 14. Calculate t(6).
8
Let w(j) = 7*j - 42. Calculate w(8).
14
Let g(p) = -4*p**2 + 1. Give g(-1).
-3
Let n(m) = 3*m**2 + 24*m - 2. Determine n(-8).
-2
Let p(o) = 2*o**2 + 29*o + 17. Give p(-15).
32
Let a(i) = -3*i**3 - 73*i**2 - 22*i + 48. Give a(-24).
0
Let x(n) = -2*n**3 + 11*n**2 + 3*n - 4. Determine x(6).
-22
Let p(z) = -z**2 - 11*z - 17. Give p(-7).
11
Let j(h) = h**3 - 4*h**2 - h + 3. Calculate j(5).
23
Let v(o) = 31*o + 516. Determine v(-17).
-11
Let o(v) = 26*v + 3. Give o(1).
29
Let l(t) = 3*t - 12. Give l(-1).
-15
Let d(l) = l**2 + 9*l + 6. What is d(-7)?
-8
Let g(d) = -2*d**2 + d + 6. Give g(-3).
-15
Let v(s) = -3*s - 84. What is v(-29)?
3
Let q(v) = v**3 - v**2 - 4*v. Calculate q(-2).
-4
Let t(c) = c**3 + 5*c**2 + 12*c + 9. Calculate t(